Let d(s) = -s**2 - 3 - 4 + 1 + 4*s + g. Determine d(2).
1
Let m = -8 + 3. Let i be m/(3/3 + 0). Let g(r) = 2 + 5 - 1 + 3*r. Give g(i).
-9
Let z(j) = -313 + 0*j + j**3 - 7*j**2 + 316 + 7*j. Give z(6).
9
Let a(r) = -2*r**3 - r**2 - 2*r + 1. Let l(c) = -c**2 + 3 - 3. Let x(k) = a(k) - 4*l(k). What is x(2)?
-7
Let t(o) = o**2 - 6*o + 7. Suppose -2*j = 3*j - 25. Let a be t(j). Let l(m) = -m**2. Determine l(a).
-4
Suppose v - 1 = 2*v. Let u(r) = -2*r**3 - 6*r**2 + r - 7. Let d(x) = x**3 + x**2 + 1. Let f(l) = v*u(l) - 6*d(l). What is f(1)?
-4
Let n(a) be the third derivative of a**6/360 + a**5/30 + a**4/12 + a**3/3 - a**2. Let i(t) be the first derivative of n(t). Determine i(-4).
2
Let v(w) = w**2 + 12. Let x be (1/(-2))/((-3)/(-18)). Let k be (-3 + (x - -6))*1. Calculate v(k).
12
Let w(z) = -z**2 + 38 - 37 + 0*z - 2*z. Calculate w(1).
-2
Let x(m) = -m**3 + m**2 + 4*m - 7. Let c be x(2). Let p(w) = w**3 + 3*w**2 - 3*w - 4. Give p(c).
5
Let d be (-3 - -2)/((-3)/15). Let y(q) = -q**2 + 8*q - 7. What is y(d)?
8
Let d(h) = -5*h**2 + 2*h**2 - 31 + 36 + 3*h + 4*h**2. Calculate d(-4).
9
Let i(s) be the third derivative of -s**5/60 + s**4/24 - s**3/6 + s**2. Let y(t) = t**2 - 15*t + 17. Let j be y(14). Give i(j).
-7
Let j(g) = 2*g - g**3 + 3*g + 2*g**3 + g**2 + 6*g**2. Give j(-6).
6
Let r(x) = -x**2 - 3*x + 1. Let h(d) = -4*d - 1. Let g be h(-7). Suppose j + g = -2*w - 3*w, 24 = -4*w - 2*j. Calculate r(w).
-9
Let y(h) = -h**3 - 5*h**2 + 7*h + 4. Suppose 0 = -3*c + 7*c + 24. Calculate y(c).
-2
Let f = -6 + 1. Let g(t) = -3*t - 4. What is g(f)?
11
Let y(k) = k**3 - 3*k + 1. Suppose 0 = 4*b - 3*b + 27. Let j be (4/6)/((-3)/b). Let x = j - 4. Determine y(x).
3
Let v(f) = 7*f**3 + f**2. Suppose 2*m + 3 + 11 = 0. Let s be -3 + m/((-21)/6). Determine v(s).
-6
Let c(o) = 3*o**3 - 2*o**2 - 4*o - 5. Let h(z) = 4*z**3 - z**2 - 3*z - 6. Let g(x) = -3*c(x) + 2*h(x). Suppose 0 = 12*q - 57 - 3. What is g(q)?
8
Let m(p) = -3*p**3 - 4*p**2 + 2. Let d(s) = 10*s**3 + 12*s**2 - 6. Let l(a) = 2*d(a) + 7*m(a). What is l(-2)?
-6
Let p(v) = v + 3. Let r(n) = -2*n - 7. Let s be r(-5). Calculate p(s).
6
Let p(z) be the second derivative of z**5/20 - 7*z**4/12 + 3*z**3/2 - 7*z**2/2 + 9*z. Give p(6).
11
Suppose 0 = -3*q - 8 + 2. Let u(n) = 4*n + n - 2 - n - 6*n - n**3 - n**2. What is u(q)?
6
Let q(v) be the third derivative of -v**6/120 - v**5/10 + v**4/24 + v**3/3 + 4*v**2 + 5*v. Calculate q(-6).
-4
Let w(q) = q**2 + 2. Let g be 5 - 4/(8/6). What is w(g)?
6
Let l(a) be the first derivative of a**4/4 + 2*a**3 + 11. Determine l(-6).
0
Let m(s) = -s - 1. Let w be m(-6). Suppose u - d = 2, -d = 5*u - w - 5. Suppose q + u*q + 12 = 0. Let f(g) = g**3 + 5*g**2 + 3*g - 3. Determine f(q).
1
Let h(s) = -4*s**3 + 3*s**3 - s**2 - 4 + 4*s - s - 2*s. Let l(b) = b**3 + b**2 + b. Let z be l(0). Determine h(z).
-4
Let s(t) = 2 + 2*t + t + 2*t. Let r be 2 + (-2)/4*-4. Let g be ((-36)/(-27))/(r/(-6)). Calculate s(g).
-8
Suppose -3*a + 2 = -13. Let j(c) = -2 + 0*c + c - a. Let v(f) = f**2 - 3*f - 5. Let r be v(5). What is j(r)?
-2
Let c(p) = -2*p + 3. Let h be c(4). Suppose -9*t = -5*t + 16. Let m = t - h. Let g(n) = 3*n - 1. Calculate g(m).
2
Let a(j) = -7*j**2 - j - 1. Let p = 66 - 67. Calculate a(p).
-7
Let g(m) = m**2 - 4*m - 5. Suppose 0 = -6*o + 5*o + 41. Suppose 11 = -5*a + o. What is g(a)?
7
Let s be 18/(-15) - 6/(-30). Let b(n) = -7*n**3 + n + 1. Determine b(s).
7
Suppose 33 + 2 = 5*j. Let b(n) = 1 - j + n + 2. Suppose -o = -3*o - 6. Calculate b(o).
-7
Let h(c) = c + 7. Let z be h(-5). Let k(i) = -2*i + 9*i**2 - 8*i**2 - i + 1 + 0*i**z. Give k(1).
-1
Let l(p) = -p + 1. Let i(s) = -2*s + 3. Suppose -4*a - 4 = -2*a. Let c(b) = a*i(b) + 6*l(b). Determine c(2).
-4
Let x(h) = -h**2 + 2*h - 3. Suppose -3*a - 21 = -8*a + 2*w, 0 = a + 5*w + 12. What is x(a)?
-6
Let q(l) be the first derivative of 1/3*l**3 + 0*l**2 - 3*l - 2. Calculate q(-3).
6
Let z(o) = 6*o + 10. Let f(n) = -5*n - 10. Let i(b) = 7*f(b) + 6*z(b). Let r(v) = v + 5. Let w be r(5). Let d = w - 5. What is i(d)?
-5
Suppose -2*j + 0*j - 2 = 0, 2*o - 3*j - 3 = 0. Let y(l) = 7*l - 11. Let a(p) = -3*p + 6. Let h(g) = -9*a(g) - 4*y(g). Calculate h(o).
-10
Let j = 1 + 3. Let h(d) = -d**2 - 2 + 2*d + 4 + 2. Give h(j).
-4
Let m(h) = 3*h + 20. Let f be m(-8). Let g(y) be the first derivative of -y**3/3 + y**2/2 + 3*y - 1. Calculate g(f).
-17
Let m(a) be the first derivative of 1/2*a**2 - 2 + 2*a. Let w be 0/(4/2)*1. Calculate m(w).
2
Let w(n) = 5*n**3 - 1 - 1 + 3*n + 1 - 4*n. Calculate w(-1).
-5
Let p(l) = -5*l. Let r(f) = -f + 1. Let z(b) = -p(b) + 3*r(b). Calculate z(3).
9
Let m(x) = 14*x**3 - 21*x**2 - 29*x + 38. Let f(u) = -5*u**3 + 7*u**2 + 10*u - 13. Let d(g) = 17*f(g) + 6*m(g). Give d(-6).
-5
Let h(u) = u**3 + u - 4. Suppose 9*m - 3*m = 0. Give h(m).
-4
Let r(q) be the third derivative of -q**6/120 - q**5/30 - q**3/6 + 2*q**2. Let u = -8 - -6. Calculate r(u).
-1
Let c(s) = -s - 5*s + 3 + 1 - s**3 + 7*s**2. Let t be (-714)/(-66) + -5 + 2/11. What is c(t)?
4
Let r(h) = 2*h + 4 - 5*h + 0*h. Let s be 3 - 4 - 2/2. Let t(d) = 3*d - 3. Let c(q) = s*r(q) - 3*t(q). Determine c(-2).
7
Let i(j) be the second derivative of j**5/20 + 5*j**4/12 + 2*j**3/3 + 2*j**2 - j. Suppose -6 = 4*k + 10. What is i(k)?
4
Let x(j) = -j**3 + j**2 - j. Let n(q) = -3*q**3 + 6*q**2 - 6*q + 2. Let h(r) = n(r) - 2*x(r). Calculate h(3).
-1
Let d(v) = -3*v**2 + 5*v + 7. Let j(z) = -z**3 - 4*z**2 - z - 1. Let b be j(-3). Let t(n) = -2*n**2 + 2*n + 3. Let i(g) = b*t(g) + 3*d(g). Calculate i(-1).
4
Let h(p) = 2*p**3 + 6*p + 3 - 3*p**3 - 5*p**2 + 3. Calculate h(-6).
6
Suppose -v + 10 - 7 = 0. Let i(q) = 5*q. Let k(s) = 5*s - 1. Let j(o) = 5*i(o) - 4*k(o). Let h(p) = 4*p + 3. Let m(b) = v*j(b) - 4*h(b). Give m(1).
-1
Let g(s) = -s**2 + 9*s - 6. Let k be g(8). Suppose 7*b - 5 = k*b. Let q(v) = 2*v + 1. What is q(b)?
3
Let b be 1/(2/4) - 4. Let x be -2 - (-5 - (0 + b)). Let o(l) = 7*l + 1. What is o(x)?
8
Let r = -4 - -3. Let w(n) = n**2 - 1 + 6*n**3 + 11*n**3 - 11*n**3. What is w(r)?
-6
Let u(p) be the first derivative of p**6/120 - p**5/10 - p**3 + 3*p**2/2 - 6. Let c(b) be the second derivative of u(b). Determine c(6).
-6
Suppose 4*t + k - 235 = t, -4*k = 3*t - 229. Suppose 5*v = 4*m + t, v - 3*v = -m - 31. Let a be 52/10 + (-3)/v. Let f(o) = o**2 - 5*o - 2. What is f(a)?
-2
Let v(t) = 2*t + 5. Let k(n) = -3*n - 5. Let q(x) = 4*k(x) + 5*v(x). What is q(-4)?
13
Let x(k) = 3 + k - 3 - 3. Let p(l) = -l**3 + 6*l**2 + l + 6. Let v be p(6). Suppose 2*f - v = -4. Give x(f).
1
Suppose 3*u - 3*s = -7 - 2, 2*u - 19 = -3*s. Suppose -r = u*x - 4 - 2, r + 5*x = 9. Suppose 0 = w + r*w. Let j(f) = f**2 + f + 7. Calculate j(w).
7
Let a(j) = -26*j + 12 + j**2 - 25*j + 62*j. Determine a(-10).
2
Suppose -n + 2*n = 3. Suppose n*y + y = 0. Let k(i) = i**2. Let m be k(y). Let d(t) = -t + 5. What is d(m)?
5
Suppose -3*q = -q + 26. Let u(r) = r**2 + 12*r - 19. What is u(q)?
-6
Let m = -6 - -10. Let g(c) = c**2 + m*c - 2 - 4*c - 2*c - c. Determine g(5).
8
Let v = -7 - -4. Let i = -1 - v. Let d(l) = -5*l + 2*l + 2 - 3 + l**i. Give d(2).
-3
Let w = -5 + 8. Let y(m) = m**2 + 1. Let n be y(-1). Let g(b) = 2*b - 2 - w*b + b**2 - 3*b - 2*b**n. Give g(-5).
-7
Let m = 15 + -13. Let c(d) = 3*d**2 - d - 1. Calculate c(m).
9
Let n(j) = 34 - 3*j - 10 - 12 - 8 - 11. Suppose -5*p + 10 - 40 = 0. Give n(p).
11
Let b(v) = 11*v - 13. Let o(r) = 5*r - 6. Let h(c) = -4*b(c) + 9*o(c). Suppose -2*z + 7*z = -10. Calculate h(z).
-4
Let c(a) be the second derivative of -a**4/12 + a**3/6 + a**2 - 16*a. Suppose -2*b + 12 = 4*y - 0*b, 0 = 5*y - b - 22. Determine c(y).
-10
Let r(p) = -4*p + 2*p + 13 + p + 0*p. Calculate r(12).
1
Let z(d) = -d - 1. Let w = 3 - 2. Let o(s) = -w + 3 - 3*s + 0. Let u(c) = -o(c) + z(c). What is u(2)?
1
Suppose -5*w - 11 = -0*w - 4*m, -2*w = -4*m + 14. Let t(j) be the first derivative of -9/2*j**2 - 3 + j. Give t(w).
-8
Let j(g) = -28*g**3 + 1 + 3*g**2 + 16*g**3 + 1 + 13*g**3. Calculate j(-3).
2
Let g(j) be the first derivative of -3*j**4/8 + j**2 - 1. Let a(c) be the second derivative of g(c). Suppose l = 3*q + 14, -2*l + 7*l = -q - 10. Calculate a(l).
9
Let n(q) = -q + 1. Suppose -5*r - 8 = 27. What is n(r)?
8
Let h(v) = v**2 - 7*v + 7. Let n(w) = w**3 - 2*w**2 + w + 3. Let f be n(2). What is h(f)?
-